?
12
Suppose -2001 = -30*l + 34*l - 73*l. What is the highest common factor of 9019 and l?
29
Let c = 848 + -849. Let x(t) = 2*t + 3. Let q be x(c). Let u = -20 - -31. Calculate the greatest common divisor of q and u.
1
Let i be (2/(-18))/1 - (-1199)/99. Suppose -9*z = -i*z + 66. Let w(k) = 12*k - 8. Let p be w(8). Calculate the highest common factor of z and p.
22
Let i = 18 - 5. Let u = 19 - -11. Let v be (-1)/3 - (-400)/u. What is the highest common divisor of v and i?
13
Suppose 0 = -5*m - 9*m + 42. Let h be (2/12*2)/(m/1017). Calculate the highest common factor of h and 1469.
113
Suppose -5*g = 5*y - 1325, -245 = -y + 292*g - 297*g. Calculate the greatest common factor of y and 144.
18
Suppose -5*b + 3052 = 847. Suppose -2*z + 29 = 25. Suppose 5*h - b = -z*h. Calculate the highest common factor of h and 42.
21
Let h(m) = -305*m + 4611. Let b be h(15). What is the greatest common factor of b and 9882?
18
Suppose 3*u - u = 6*u. Suppose -6*f - 41 - 55 = u. Let q be (-2)/5 - f/20*23. Calculate the greatest common divisor of q and 54.
18
Let s(z) = 7*z - 25. Suppose -35 = -9*k + 1. Let d be s(k). Suppose 2*b = 5*h - d*b - 60, 0 = -3*b. Calculate the highest common divisor of 36 and h.
12
Let j = 8192 + -6818. Calculate the greatest common factor of 42 and j.
6
Let r be -4 + 232 + -2 + 6. Let o be (-4 - (-10 + 5))/(3/6). Suppose k + 4*q - 41 = 0, -o*q + 72 = 4*k - 50. What is the highest common factor of r and k?
29
Suppose r = 2 + 6. Suppose 140 = -17*g + 2695 + 165. Calculate the highest common divisor of r and g.
8
Let k be (-2430)/360*4/(-3). What is the greatest common factor of k and 36?
9
Let d(p) = -2*p**2 - 17*p + 516. Let t be d(-21). Suppose 38 = -h - y + 4*y, 5*h = 5*y - 170. Let v = t - h. What is the highest common factor of v and 69?
23
Suppose -i + w = -89, 2*w = -2*i + 210 - 28. Suppose 4*x + 6*x = i. Suppose -x*b + 1038 = -843. What is the greatest common factor of b and 11?
11
Suppose 3*k - 6*k - 77 = 4*p, 0 = 2*p - 2. Let d = -13 - k. Suppose -4*v + d = -34. What is the highest common factor of 12 and v?
12
Let d = 249 + -246. Suppose -d*w + 440 + 151 = 5*g, 0 = -3*g + 5*w + 375. What is the highest common divisor of g and 80?
40
Let k(y) = y**3 - 8*y**2 - 10*y - 13. Let w be k(-5). Let d = w + 377. Calculate the greatest common divisor of d and 801.
89
Let y(m) = 777*m + 7815. Let v be y(-10). Let w be 1/(-5) - 151/(-5). What is the greatest common factor of w and v?
15
Let s = 17 + -14. Suppose -11 = s*u - 50. Suppose -288 = -u*r + 9*r. Calculate the highest common divisor of r and 54.
18
Suppose -4*y + 7156 = 6*v - 2*v, 3572 = 2*v - 4*y. Suppose 7*g - 291 = v. What is the greatest common divisor of g and 54?
27
Suppose 5*k + 31 + 24 = 0. Let a(v) = -14*v + 22. Let m be a(k). Suppose -9*y = -5*y - m. Calculate the greatest common divisor of 4 and y.
4
Suppose k + 67 = -s + 88, 79 = 4*s - k. Calculate the greatest common divisor of 35 and s.
5
Let i(y) = 54*y**2 + 1356*y + 1357. Let u be i(-1). Suppose 0*o - 4*o = -20. What is the highest common factor of o and u?
5
Suppose -120 = -99*y + 97*y + 8*r, -3*y + 4*r = -124. Let u be (-6076)/(-10) + (-2)/(-5). What is the greatest common factor of u and y?
32
Suppose -260*m + 131*m - 250884 = -152*m. Calculate the highest common factor of m and 36.
36
Suppose 0 = 44*g + 37*g - 1589 - 13963. What is the highest common factor of g and 46?
2
Let m(j) = 26*j + 8. Let w be m(6). Suppose 165*q + 102612 = 492*q - 85086. Calculate the greatest common factor of q and w.
82
Let k be (-16)/(-28) - 48/(-14). Suppose -4*n - 116 = -v, -308 = -3*v + 5*n - 3*n. What is the highest common divisor of k and v?
4
Let x = -10605 - -31313. Calculate the highest common factor of 124 and x.
124
Let c(x) = -x**3 + 150*x**2 + 153*x + 503. Let r be c(151). Suppose 70 = -2*n + 4*n. Calculate the greatest common factor of r and n.
35
Suppose 0 = 2*t - 3*m - 338, -78*m + 82*m = 0. What is the greatest common factor of 260 and t?
13
Let k be 8 - 10 - (0 + 1). Let w be k*(-12)/(-162) - (-1264)/18. What is the greatest common divisor of w and 50?
10
Suppose 37*v = 35*v + 314. Suppose -v = -4*s - 5. Let n = s - 27. What is the highest common divisor of n and 99?
11
Let n be ((-1)/(2/71))/(19/(-190)*1). Calculate the greatest common divisor of n and 2059.
71
Let z be ((-32)/12)/(24/36) + 36. Calculate the highest common divisor of 10304 and z.
32
Let i(k) = k**3 + 2*k + 6. Let x be (-152)/26 - 40/260. Let f be 2 + 11/(33/x). Let d be i(f). What is the greatest common factor of 8 and d?
2
Suppose -18*q = -30611 - 20257. Calculate the greatest common factor of q and 18.
18
Let c(u) = -3*u**3 + 6*u**2 + 47*u - 413. Let q be c(-22). What is the greatest common divisor of q and 127?
127
Let i(j) = 21*j - 48. Let t be i(5). Let b(y) = 4*y + 412. Let n be b(-65). Calculate the greatest common factor of t and n.
19
Let k = 2122 + -2111. What is the greatest common divisor of k and 253?
11
Let m(f) = -63*f - 1858. Let b be m(-38). Calculate the greatest common factor of b and 670.
134
Let m(i) = -i**3 + 12*i**2 - 23*i + 35. Let c be m(10). Let t(x) = 2*x**3 - x**2 - 2*x + 6. Let o be t(3). What is the highest common divisor of o and c?
5
Let q(m) = -m**3 - 3*m**2 + 2*m. Let t be q(-4). Suppose 969*i + 21620 = 1204*i. Calculate the highest common factor of i and t.
4
Let i(f) = f**2 + f - 48. Let g be i(-8). Suppose 72 + 192 = g*u. Calculate the highest common divisor of 132 and u.
33
Suppose m + 414 = 24*m. Suppose -11*n + m = -26. What is the greatest common divisor of n and 14?
2
Suppose 0 = 9*s - 2*v - 1470, -22*s + 17*s - v = -804. Calculate the highest common divisor of 405 and s.
81
Let y = 16 - 24. Let c be (-1 - -1)*(-2)/(y/2). Suppose c*k = -k + 64. Calculate the highest common divisor of 96 and k.
32
Suppose -216*h + 54 = -210*h. Suppose 5*b - 387 = v, 4*b + h*v - 309 = 10*v. Calculate the highest common factor of 52 and b.
26
Let v(u) = 8704*u + 5 - 7 - 8730*u - 4. Let i be v(-1). Calculate the highest common divisor of 70 and i.
10
Let y be (-252)/(-135) - 1/(60/(-8)). Suppose 255 - 241 = y*l. What is the greatest common divisor of 217 and l?
7
Let h(y) = 6*y**2 + 15*y - 8. Let m be h(-4). Let s be (22 + 1)/(-2 + 63/m). What is the highest common factor of 23 and s?
23
Let h(l) be the second derivative of -11*l**3 + 5*l**2 + 2*l - 34. Let p be h(-3). Suppose 2*s - 62 = -10. What is the greatest common divisor of p and s?
26
Let w(c) = -4*c - 3. Let b be w(-1). Let j be -142*3/(-2) - (-2)/b. Suppose -11*p = -j - 104. What is the greatest common divisor of 145 and p?
29
Suppose 0 = 2*o - 151 + 81. Suppose -o = -2*g + 65. Calculate the greatest common divisor of g and 125.
25
Let b(a) = -a**2 - 46*a + 1664. Let i be b(-68). Suppose 0 = 2*t - 36 - 12. What is the greatest common factor of t and i?
24
Suppose -906 = 6*l - 2304. Let z be l + ((-40)/18 - (-14)/63). Calculate the greatest common divisor of z and 33.
33
Let i(z) = -664*z - 6898. Let h be i(-14). Calculate the highest common factor of 264 and h.
22
Suppose -5*o - 5*a + 340 = 0, 87*a = 9*o + 89*a - 577. Calculate the greatest common divisor of 801 and o.
9
Let i = 1258 + -1190. Calculate the highest common factor of 5508 and i.
68
Suppose -282 - 43 = -5*q. Suppose 2*s = -5*x + 10, 8*x = 3*s + 3*x - 90. Calculate the greatest common divisor of s and q.
5
Suppose -4*y = -4*g - 120, 5*g + 125 = -0*y + 4*y. Suppose -j + 378 = 51. Let r = 602 - j. What is the greatest common divisor of r and y?
25
Let k = -442 - -450. Let c be (22 - k/(48/(-30)))*33. What is the highest common divisor of 33 and c?
33
Let f be (-6)/(-10) + (-180)/(-75) + (6 - -75). What is the highest common divisor of 2916 and f?
12
Let x(w) = 3*w**2 + 20*w + 48. Let s(y) = -y**2 - 7*y - 16. Let n(r) = 7*s(r) + 2*x(r). Let o be n(-5). Calculate the highest common factor of o and 68.
4
Suppose 444772 = 113*m + 63210 - 577469. What is the highest common factor of 164 and m?
41
Suppose 5*o - 31 - 9 = 0. Let j be (-996)/(-48) + 2/o. What is the greatest common factor of 12 and j?
3
Suppose 417 = 13*j + 1093. Let u = -44 - -10. Let h = u - j. What is the highest common factor of 45 and h?
9
Suppose 4*n + 1482 - 3530 = 0. Suppose -2*m - 126 = -v, 5*v - n = -2*m + 70. Let q = v - 41. What is the